{"id":12933,"date":"2022-02-11T12:38:03","date_gmt":"2022-02-11T11:38:03","guid":{"rendered":"https:\/\/www.vmm.eu\/?post_type=specialist&#038;p=12933"},"modified":"2022-11-02T11:42:56","modified_gmt":"2022-11-02T10:42:56","slug":"karin-wahl","status":"publish","type":"specialist","link":"https:\/\/www.vmm.eu\/en\/specialist\/karin-wahl\/","title":{"rendered":"Karin Wahl"},"content":{"rendered":"<div class=\"container-fluid p-xl-0 customer-gutenberg-header-interviews mb-4 mb-lg-6 mb-xl-8\" id=\"customer-gutenberg-block_6206365580b19\">\n\t\t\t<div class=\"row no-gutters align-items-center customer-gutenberg-header-interviews-bg\">\n\t\t\t\t<div class=\"col-12 col-xl-6 offset-xl-3 text-center customer-gutenberg-header-interviews-bg\">\n\n\t\t\t\t\t<div class=\"customer-gutenberg-header-interviews-bg-wrapper\">\n\t\t\t\t\t\t<div class=\"text-center customer-gutenberg-header-interviews-bg-image\">\n\t\t\t\t\t\t\t<img decoding=\"async\" class=\"customer-gutenberg-header-interviews-bg-image-src img-fluid\" src=\"https:\/\/www.vmm.eu\/wp-content\/uploads\/2022\/01\/Karin-Wahl_2ba_gk.jpg\" alt=\"Karin Wahl als langj\u00e4hrige Expertin im Visual Merchandising gibt gerne und mit Leidenschaft ihr Wissen weiter\">\n\t\t\t\t\t\t<\/div>\n\t\t\t\t\t<\/div>\n\t\t\t\t\t\t\n\t\t\t\t\t<div class=\"customer-gutenberg-header-interviews-content p-5\">\n\t\t\t\t\t\t\t\t\t\t\t\t\t<h2 class=\"customer-gutenberg-header-interviews-content-headline customer-text-headline-1\">Karin Wahl als langj\u00e4hrige Expertin im Visual Merchandising gibt gerne und mit Leidenschaft ihr Wissen weiter<\/h2>\n\t\t\t\t\t\t\t\t\t\t\t\t\t\t\t\t\t\t\t<p class=\"customer-gutenberg-header-interviews-content-subtitle m-0 customer-text-copy-1\">Nehmen Sie mit Karin Wahl Kontakt auf:<\/p>\n\t\t\t\t\t\t\t\t\t\t\t\t\t\t\t\t\t\t\t<p class=\"customer-gutenberg-header-interviews-content-subtitle m-0 customer-text-copy-1\">info@karin-wahl.de<\/p>\n\t\t\t\t\t\t\t\t\t\t\t<\/div>\n\n\t\t\t\t<\/div>\n\t\t\t<\/div>\n\t\t<\/div><div class=\"container customer-gutenberg-textblock \" id=\"customer-gutenberg-block_62063d9b80b1c\">\n\t<div class=\"row\">\n\t\t<div class=\"col col-lg-7 offset-lg-2\">\n\t\t\t<p><strong>Schon von klein auf habe ich mich f\u00fcr das Gestalten und Kreieren von Dingen interessiert. Das dann auch noch zu meinem Beruf gemacht zu haben, erf\u00fcllt mich bis heute. Es gibt nichts Sch\u00f6neres, als mit Farben und Formen zu spielen und dabei seiner Fantasie freien Lauf zu lassen. Und wenn man dann noch andere Menschen daf\u00fcr begeistern kann, ist das Gl\u00fcck perfekt.<\/strong><\/p>\n\t\t<\/div>\n\t<\/div>\n<\/div><div class=\"container customer-gutenberg-intro-quote \" id=\"customer-gutenberg-block_62063d8080b1b\">\n\n\t\n\t\t\t<div class=\"row\">\n\t\t\t<div class=\"col-11 offset-1 col-sm-10 offset-sm-2 col-lg-8 offset-lg-3 col-xl-6 offset-xl-5\">\n\t\t\t\t\t\t\t\t<blockquote class=\"blockquote customer-text-copy-3 mt-4\" >\n\t\t\t\t\t<p>Mit Liebe einer Sache nachgehen, dann gesellt sich Gl\u00fcck dazu! <\/p>\n\t\t\t\t<\/blockquote>\n\t\t\t<\/div>\n\t\t<\/div>\n\t\n\t\t\t\n<\/div><div class=\"container customer-gutenberg-textblock \" id=\"customer-gutenberg-block_62063d5080b1a\">\n\t<div class=\"row\">\n\t\t<div class=\"col col-lg-7 offset-lg-2\">\n\t\t\t<p>Begonnen habe ich mit einer klassischen Ausbildung als Schaufenstergestalterin, so lautete die Berufsbezeichnung damals. Ich habe dann in verschiedenen Kaufh\u00e4usern gearbeitet, zuletzt bei der Fa. Beck in M\u00fcnchen und ging dann als stellvertretende Dekoleiterin nach K\u00f6ln, als Beck dort ein neues Haus er\u00f6ffnete. Anschlie\u00dfend bot sich die Gelegenheit sich selbstst\u00e4ndig zu machen und dabei durfte ich in dieser Zeit tolle Unternehmen wie Timberland, Escada, Daniel Hechter und viele weitere bei ihren Firmenauftritten, sowohl in der Schaufenstergestaltung, als auch auf Messest\u00e4nden und in Showrooms, mit meiner Kreativit\u00e4t unterst\u00fctzen. Seit 2009 bin ich zertifizierte Trainerin und kann so mein umfangreiches Knowhow und meine Erfahrung an Wissbegierige im Bereich Visual Merchandising weitergeben. Inzwischen geh\u00f6rt die Beratung des Einzelhandels auch noch mit zu meinen Standbeinen und dies neuerdings auch online. Stolz bin ich auf meine drei B\u00fccher mit den Titeln \u201eGebrauchsanweisung Visual Merchandising \u2013 Warenpr\u00e4sentation im Mode-, bzw. Fachhandel\u201c. Ist echt ein tolles Gef\u00fchl auch auf diese Weise sein Wissen weitergeben zu d\u00fcrfen.<\/p>\n\t\t<\/div>\n\t<\/div>\n<\/div><div class=\"container overflow-hidden customer-gutenberg-images-2-horizontal mb-4 \" id=\"customer-gutenberg-block_62063de880b1e\">\n\t<div class=\"row align-items-center justify-content-center\">\n\t\t<div class=\"col-12 col-lg-6\">\t\t\t<div class=\"customer-gutenberg-images-2-horizontal-src d-none d-lg-block\" style=\"background-image: url(https:\/\/www.vmm.eu\/wp-content\/uploads\/2022\/02\/Spezialisten-1.jpg);\">&nbsp;<\/div>\n\t\t\t<img decoding=\"async\" class=\"img-fluid d-block d-lg-none mb-5\" src=\"https:\/\/www.vmm.eu\/wp-content\/uploads\/2022\/02\/Spezialisten-1.jpg\">\n\t\t<\/div>\t\t<div class=\"col-12 col-lg-6 text-center\">\t\t\t<div class=\"customer-gutenberg-images-2-horizontal-src d-none d-lg-block\" style=\"background-image: url(https:\/\/www.vmm.eu\/wp-content\/uploads\/2022\/02\/Spezialisten-2.jpg);\">&nbsp;<\/div>\n\t\t\t<img decoding=\"async\" class=\"img-fluid d-block d-lg-none\" src=\"https:\/\/www.vmm.eu\/wp-content\/uploads\/2022\/02\/Spezialisten-2.jpg\">\n\t\t<\/div>\t<\/div>\n<\/div><div class=\"container overflow-hidden customer-gutenberg-images-2-horizontal mb-4 \" id=\"customer-gutenberg-block_62063e6d80b1f\">\n\t<div class=\"row align-items-center justify-content-center\">\n\t\t<div class=\"col-12 col-lg-6\">\t\t\t<div class=\"customer-gutenberg-images-2-horizontal-src d-none d-lg-block\" style=\"background-image: url(https:\/\/www.vmm.eu\/wp-content\/uploads\/2022\/02\/Spezialisten-3.jpg);\">&nbsp;<\/div>\n\t\t\t<img decoding=\"async\" class=\"img-fluid d-block d-lg-none mb-5\" src=\"https:\/\/www.vmm.eu\/wp-content\/uploads\/2022\/02\/Spezialisten-3.jpg\">\n\t\t<\/div>\t\t<div class=\"col-12 col-lg-6 text-center\">\t\t\t<div class=\"customer-gutenberg-images-2-horizontal-src d-none d-lg-block\" style=\"background-image: url(https:\/\/www.vmm.eu\/wp-content\/uploads\/2022\/02\/Spezialisten-4.jpg);\">&nbsp;<\/div>\n\t\t\t<img decoding=\"async\" class=\"img-fluid d-block d-lg-none\" src=\"https:\/\/www.vmm.eu\/wp-content\/uploads\/2022\/02\/Spezialisten-4.jpg\">\n\t\t<\/div>\t<\/div>\n<\/div><div class=\"container customer-gutenberg-textblock \" id=\"customer-gutenberg-block_62063dd480b1d\">\n\t<div class=\"row\">\n\t\t<div class=\"col col-lg-7 offset-lg-2\">\n\t\t\t<p>Also, ich bin offen f\u00fcr alles und ich finde jede Branche spannend. Das ist unheimlich inspirierend und horizonterweiternd! Eintauchen in besondere Welten begeistert mich am meisten. Deshalb arbeite ich gerne mit meinen Kunden an ungew\u00f6hnlichen Konzepten oder unterst\u00fctze auch sehr gerne mit meinem Fachwissen begeisterte H\u00e4ndler\/innen auf ihrem Weg zum perfekten Erscheinungsbild.<\/p>\n\t\t<\/div>\n\t<\/div>\n<\/div><div class=\"container customer-gutenberg-textblock \" id=\"customer-gutenberg-block_62063f6580b20\">\n\t<div class=\"row\">\n\t\t<div class=\"col col-lg-7 offset-lg-2\">\n\t\t\t<p class=\"p1\"><span class=\"s1\"><b>ARBEITSBEREICHE<br \/>\n<\/b><\/span>Visual Merchandising<br \/>\nBeratung<br \/>\nSchulung &amp; Training<\/p>\n<p class=\"p1\"><span class=\"s1\"><b>KONTAKT<\/b><\/span><br \/>\nKarin Wahl<br \/>\nGotenring 53,\u00a050679 K\u00f6ln<br \/>\nT. 0221\/98933881<\/p>\n<p><a href=\"mailto:info@karin-wahl.de\">info@karin-wahl.de<\/a><\/p>\n<p><a href=\"http:\/\/www.karin-wahl.de\">www.karin-wahl.de<\/a><\/p>\n\t\t<\/div>\n\t<\/div>\n<\/div>","protected":false},"featured_media":11441,"template":"","meta":{"_acf_changed":false,"footnotes":""},"class_list":["post-12933","specialist","type-specialist","status-publish","has-post-thumbnail","hentry","specialist_specialized_field-visual-merchandising","specialist_specialized_field-schulung-training","specialist_specialized_field-beratung","specialist_specialized_field-consultation","specialist_specialized_field-education-training","specialist_location-koeln","specialist_location-duesseldorf","specialist_location-cologne"],"acf":[],"publishpress_future_workflow_manual_trigger":{"enabledWorkflows":[]},"_links":{"self":[{"href":"https:\/\/www.vmm.eu\/en\/wp-json\/wp\/v2\/specialist\/12933","targetHints":{"allow":["GET"]}}],"collection":[{"href":"https:\/\/www.vmm.eu\/en\/wp-json\/wp\/v2\/specialist"}],"about":[{"href":"https:\/\/www.vmm.eu\/en\/wp-json\/wp\/v2\/types\/specialist"}],"version-history":[{"count":20,"href":"https:\/\/www.vmm.eu\/en\/wp-json\/wp\/v2\/specialist\/12933\/revisions"}],"predecessor-version":[{"id":13364,"href":"https:\/\/www.vmm.eu\/en\/wp-json\/wp\/v2\/specialist\/12933\/revisions\/13364"}],"wp:featuredmedia":[{"embeddable":true,"href":"https:\/\/www.vmm.eu\/en\/wp-json\/wp\/v2\/media\/11441"}],"wp:attachment":[{"href":"https:\/\/www.vmm.eu\/en\/wp-json\/wp\/v2\/media?parent=12933"}],"curies":[{"name":"wp","href":"https:\/\/api.w.org\/{rel}","templated":true}]}}

<div class="container-fluid p-xl-0 customer-gutenberg-header-interviews mb-4 mb-lg-6 mb-xl-8" id="customer-gutenberg-block_6206365580b19">
			<div class="row no-gutters align-items-center customer-gutenberg-header-interviews-bg">
				<div class="col-12 col-xl-6 offset-xl-3 text-center customer-gutenberg-header-interviews-bg">

					<div class="customer-gutenberg-header-interviews-bg-wrapper">
						<div class="text-center customer-gutenberg-header-interviews-bg-image">
							<img decoding="async" class="customer-gutenberg-header-interviews-bg-image-src img-fluid" src="https://www.vmm.eu/wp-content/uploads/2022/01/Karin-Wahl_2ba_gk.jpg" alt="Karin Wahl als langjährige Expertin im Visual Merchandising gibt gerne und mit Leidenschaft ihr Wissen weiter">
						</div>
					</div>
						
					<div class="customer-gutenberg-header-interviews-content p-5">
													<h2 class="customer-gutenberg-header-interviews-content-headline customer-text-headline-1">Karin Wahl als langjährige Expertin im Visual Merchandising gibt gerne und mit Leidenschaft ihr Wissen weiter</h2>
																			<p class="customer-gutenberg-header-interviews-content-subtitle m-0 customer-text-copy-1">Nehmen Sie mit Karin Wahl Kontakt auf:</p>
																			<p class="customer-gutenberg-header-interviews-content-subtitle m-0 customer-text-copy-1">info@karin-wahl.de</p>
											</div>

				</div>
			</div>
		</div><div class="container customer-gutenberg-textblock " id="customer-gutenberg-block_62063d9b80b1c">
	<div class="row">
		<div class="col col-lg-7 offset-lg-2">
			<p><strong>Schon von klein auf habe ich mich für das Gestalten und Kreieren von Dingen interessiert. Das dann auch noch zu meinem Beruf gemacht zu haben, erfüllt mich bis heute. Es gibt nichts Schöneres, als mit Farben und Formen zu spielen und dabei seiner Fantasie freien Lauf zu lassen. Und wenn man dann noch andere Menschen dafür begeistern kann, ist das Glück perfekt.</strong></p>
		</div>
	</div>
</div><div class="container customer-gutenberg-intro-quote " id="customer-gutenberg-block_62063d8080b1b">

	
			<div class="row">
			<div class="col-11 offset-1 col-sm-10 offset-sm-2 col-lg-8 offset-lg-3 col-xl-6 offset-xl-5">
								<blockquote class="blockquote customer-text-copy-3 mt-4" >
					<p>Mit Liebe einer Sache nachgehen, dann gesellt sich Glück dazu! </p>
				</blockquote>
			</div>
		</div>
	
			
</div><div class="container customer-gutenberg-textblock " id="customer-gutenberg-block_62063d5080b1a">
	<div class="row">
		<div class="col col-lg-7 offset-lg-2">
			<p>Begonnen habe ich mit einer klassischen Ausbildung als Schaufenstergestalterin, so lautete die Berufsbezeichnung damals. Ich habe dann in verschiedenen Kaufhäusern gearbeitet, zuletzt bei der Fa. Beck in München und ging dann als stellvertretende Dekoleiterin nach Köln, als Beck dort ein neues Haus eröffnete. Anschließend bot sich die Gelegenheit sich selbstständig zu machen und dabei durfte ich in dieser Zeit tolle Unternehmen wie Timberland, Escada, Daniel Hechter und viele weitere bei ihren Firmenauftritten, sowohl in der Schaufenstergestaltung, als auch auf Messeständen und in Showrooms, mit meiner Kreativität unterstützen. Seit 2009 bin ich zertifizierte Trainerin und kann so mein umfangreiches Knowhow und meine Erfahrung an Wissbegierige im Bereich Visual Merchandising weitergeben. Inzwischen gehört die Beratung des Einzelhandels auch noch mit zu meinen Standbeinen und dies neuerdings auch online. Stolz bin ich auf meine drei Bücher mit den Titeln „Gebrauchsanweisung Visual Merchandising – Warenpräsentation im Mode-, bzw. Fachhandel“. Ist echt ein tolles Gefühl auch auf diese Weise sein Wissen weitergeben zu dürfen.</p>
		</div>
	</div>
</div><div class="container overflow-hidden customer-gutenberg-images-2-horizontal mb-4 " id="customer-gutenberg-block_62063de880b1e">
	<div class="row align-items-center justify-content-center">
		<div class="col-12 col-lg-6">			<div class="customer-gutenberg-images-2-horizontal-src d-none d-lg-block" style="background-image: url(https://www.vmm.eu/wp-content/uploads/2022/02/Spezialisten-1.jpg);">&nbsp;</div>
			<img decoding="async" class="img-fluid d-block d-lg-none mb-5" src="https://www.vmm.eu/wp-content/uploads/2022/02/Spezialisten-1.jpg">
		</div>		<div class="col-12 col-lg-6 text-center">			<div class="customer-gutenberg-images-2-horizontal-src d-none d-lg-block" style="background-image: url(https://www.vmm.eu/wp-content/uploads/2022/02/Spezialisten-2.jpg);">&nbsp;</div>
			<img decoding="async" class="img-fluid d-block d-lg-none" src="https://www.vmm.eu/wp-content/uploads/2022/02/Spezialisten-2.jpg">
		</div>	</div>
</div><div class="container overflow-hidden customer-gutenberg-images-2-horizontal mb-4 " id="customer-gutenberg-block_62063e6d80b1f">
	<div class="row align-items-center justify-content-center">
		<div class="col-12 col-lg-6">			<div class="customer-gutenberg-images-2-horizontal-src d-none d-lg-block" style="background-image: url(https://www.vmm.eu/wp-content/uploads/2022/02/Spezialisten-3.jpg);">&nbsp;</div>
			<img decoding="async" class="img-fluid d-block d-lg-none mb-5" src="https://www.vmm.eu/wp-content/uploads/2022/02/Spezialisten-3.jpg">
		</div>		<div class="col-12 col-lg-6 text-center">			<div class="customer-gutenberg-images-2-horizontal-src d-none d-lg-block" style="background-image: url(https://www.vmm.eu/wp-content/uploads/2022/02/Spezialisten-4.jpg);">&nbsp;</div>
			<img decoding="async" class="img-fluid d-block d-lg-none" src="https://www.vmm.eu/wp-content/uploads/2022/02/Spezialisten-4.jpg">
		</div>	</div>
</div><div class="container customer-gutenberg-textblock " id="customer-gutenberg-block_62063dd480b1d">
	<div class="row">
		<div class="col col-lg-7 offset-lg-2">
			<p>Also, ich bin offen für alles und ich finde jede Branche spannend. Das ist unheimlich inspirierend und horizonterweiternd! Eintauchen in besondere Welten begeistert mich am meisten. Deshalb arbeite ich gerne mit meinen Kunden an ungewöhnlichen Konzepten oder unterstütze auch sehr gerne mit meinem Fachwissen begeisterte Händler/innen auf ihrem Weg zum perfekten Erscheinungsbild.</p>
		</div>
	</div>
</div><div class="container customer-gutenberg-textblock " id="customer-gutenberg-block_62063f6580b20">
	<div class="row">
		<div class="col col-lg-7 offset-lg-2">
			<p class="p1"><span class="s1"><b>ARBEITSBEREICHE<br />
</b></span>Visual Merchandising<br />
Beratung<br />
Schulung &amp; Training</p>
<p class="p1"><span class="s1"><b>KONTAKT</b></span><br />
Karin Wahl<br />
Gotenring 53, 50679 Köln<br />
T. 0221/98933881</p>
<p><a href="mailto:info@karin-wahl.de">info@karin-wahl.de</a></p>
<p><a href="http://www.karin-wahl.de">www.karin-wahl.de</a></p>
		</div>
	</div>
</div>
