{"id":13352,"date":"2022-03-02T17:26:56","date_gmt":"2022-03-02T16:26:56","guid":{"rendered":"https:\/\/www.vmm.eu\/?post_type=specialist&#038;p=13352"},"modified":"2022-11-02T11:40:32","modified_gmt":"2022-11-02T10:40:32","slug":"antje-verstl","status":"publish","type":"specialist","link":"https:\/\/www.vmm.eu\/en\/specialist\/antje-verstl\/","title":{"rendered":"Antje Verstl"},"content":{"rendered":"<div class=\"container-fluid p-xl-0 customer-gutenberg-header-interviews mb-4 mb-lg-6 mb-xl-8\" id=\"customer-gutenberg-block_621f99fadde95\">\n\t\t\t<div class=\"row no-gutters align-items-center customer-gutenberg-header-interviews-bg\">\n\t\t\t\t<div class=\"col-12 col-xl-6 offset-xl-3 text-center customer-gutenberg-header-interviews-bg\">\n\n\t\t\t\t\t<div class=\"customer-gutenberg-header-interviews-bg-wrapper\">\n\t\t\t\t\t\t<div class=\"text-center customer-gutenberg-header-interviews-bg-image\">\n\t\t\t\t\t\t\t<img decoding=\"async\" class=\"customer-gutenberg-header-interviews-bg-image-src img-fluid\" src=\"https:\/\/www.vmm.eu\/wp-content\/uploads\/2022\/03\/Antje-Verstl_Experten_profil-1533x1558.jpg\" alt=\"Antje Verstl ist Leiterin des Seminaranbieters Dendron Akademie GmbH sowie Trainerin f\u00fcr gr\u00fcnes Wissen und VM-Coach f\u00fcr Gartencenter\">\n\t\t\t\t\t\t<\/div>\n\t\t\t\t\t<\/div>\n\t\t\t\t\t\t\n\t\t\t\t\t<div class=\"customer-gutenberg-header-interviews-content p-5\">\n\t\t\t\t\t\t\t\t\t\t\t\t\t<h2 class=\"customer-gutenberg-header-interviews-content-headline customer-text-headline-1\">Antje Verstl ist Leiterin des Seminaranbieters Dendron Akademie GmbH sowie Trainerin f\u00fcr gr\u00fcnes Wissen und VM-Coach f\u00fcr Gartencenter<\/h2>\n\t\t\t\t\t\t\t\t\t\t\t\t\t\t\t\t\t\t\t<p class=\"customer-gutenberg-header-interviews-content-subtitle m-0 customer-text-copy-1\">Nehmen Sie mit Antje Verstl Kontakt auf:<\/p>\n\t\t\t\t\t\t\t\t\t\t\t\t\t\t\t\t\t\t\t<p class=\"customer-gutenberg-header-interviews-content-subtitle m-0 customer-text-copy-1\">antje.verstl@dendron-akademie.de<\/p>\n\t\t\t\t\t\t\t\t\t\t\t<\/div>\n\n\t\t\t\t<\/div>\n\t\t\t<\/div>\n\t\t<\/div><div class=\"container customer-gutenberg-intro-quote \" id=\"customer-gutenberg-block_621f9a65dde96\">\n\n\t\t\t<div class=\"row\">\n\t\t\t<div class=\"col col-lg-7 offset-lg-2\">\n\t\t\t\t<p><strong>Mit der DENDRON m\u00f6chte ich im Handel und in der Gesellschaft dazu beitragen, dass das Gr\u00fcn im Lebensumfeld der Menschen als wertvoller Lebenssinn auch in der Zukunft Bestand hat. Wir machen L\u00e4den zum Treffpunkt, wo sich Menschen wohlf\u00fchlen und genau aus diesem Grund wiederkommen. Es geht zuk\u00fcnftig immer mehr um echte Gastfreundschaft, Beziehung, Vertrauen, Wohlbefinden &#8211; ein ganzheitliches Einkaufserlebnis, das alle Sinne anspricht!<\/strong><\/p>\n\t\t\t<\/div>\n\t\t<\/div>\n\t\n\t\t\t<div class=\"row\">\n\t\t\t<div class=\"col-11 offset-1 col-sm-10 offset-sm-2 col-lg-8 offset-lg-3 col-xl-6 offset-xl-5\">\n\t\t\t\t\t\t\t\t<blockquote class=\"blockquote customer-text-copy-3 \" >\n\t\t\t\t\t<p>Es geht zuk\u00fcnftig immer mehr um echte Gastfreundschaft, Beziehung, Vertrauen und Wohlbefinden. <\/p>\n\t\t\t\t<\/blockquote>\n\t\t\t<\/div>\n\t\t<\/div>\n\t\n\t\t\t<div class=\"row\">\n\t\t\t<div class=\"col col-lg-7 offset-lg-2\">\n\t\t\t\t<p>Angefangen hat alles mit der Ausbildung zur Baumschulmeisterin und mit vielen Reisen in die Herkunftsl\u00e4nder der interessantesten Pflanzen. Menschen, Kulturen, Landschaften und St\u00e4dte begeisterten mich in ihrer Vielfalt. Gartencenter und Shops auf der ganzen Welt inspirieren mich auch heute als Gesch\u00e4ftsf\u00fchrerin der DENDRON akademie. Seit \u00fcber 10 Jahren beraten wir weltweit Unternehmen im Visual Merchandising. Eine Spezialit\u00e4t von der DENDRON akademie ist die Planung von individuellen Konzepten und Strategien f\u00fcr die Gr\u00fcne Branche. Meine pers\u00f6nliche Leidenschaft ist die Umsetzung dieser kreativen Konzepte in die Praxis. Das Training der Teams im Handel ist mir dabei besonders wichtig.<\/p>\n<p>&nbsp;<\/p>\n<p>Antje Verstl<br \/>\nLimburger Stra\u00dfe 74B<br \/>\n04229 Leipzig<br \/>\n+49171 1260445<\/p>\n<p><a href=\"mailto:antje.verstl@dendron-akademie.de\">antje.verstl@dendron-akademie.de<\/a><\/p>\n<p><a href=\"http:\/\/www.dendron-akademie.de\">www.dendron-akademie.de<\/a><\/p>\n\t\t\t<\/div>\n\t\t<\/div>\n\t\t\t\n<\/div>","protected":false},"featured_media":13353,"template":"","meta":{"_acf_changed":false,"footnotes":""},"class_list":["post-13352","specialist","type-specialist","status-publish","has-post-thumbnail","hentry","specialist_specialized_field-visual-merchandising","specialist_specialized_field-schulung-training","specialist_specialized_field-beratung","specialist_specialized_field-consultation","specialist_specialized_field-education-training","specialist_location-leipzig"],"acf":[],"publishpress_future_workflow_manual_trigger":{"enabledWorkflows":[]},"_links":{"self":[{"href":"https:\/\/www.vmm.eu\/en\/wp-json\/wp\/v2\/specialist\/13352","targetHints":{"allow":["GET"]}}],"collection":[{"href":"https:\/\/www.vmm.eu\/en\/wp-json\/wp\/v2\/specialist"}],"about":[{"href":"https:\/\/www.vmm.eu\/en\/wp-json\/wp\/v2\/types\/specialist"}],"version-history":[{"count":3,"href":"https:\/\/www.vmm.eu\/en\/wp-json\/wp\/v2\/specialist\/13352\/revisions"}],"predecessor-version":[{"id":13362,"href":"https:\/\/www.vmm.eu\/en\/wp-json\/wp\/v2\/specialist\/13352\/revisions\/13362"}],"wp:featuredmedia":[{"embeddable":true,"href":"https:\/\/www.vmm.eu\/en\/wp-json\/wp\/v2\/media\/13353"}],"wp:attachment":[{"href":"https:\/\/www.vmm.eu\/en\/wp-json\/wp\/v2\/media?parent=13352"}],"curies":[{"name":"wp","href":"https:\/\/api.w.org\/{rel}","templated":true}]}}

<div class="container-fluid p-xl-0 customer-gutenberg-header-interviews mb-4 mb-lg-6 mb-xl-8" id="customer-gutenberg-block_621f99fadde95">
			<div class="row no-gutters align-items-center customer-gutenberg-header-interviews-bg">
				<div class="col-12 col-xl-6 offset-xl-3 text-center customer-gutenberg-header-interviews-bg">

					<div class="customer-gutenberg-header-interviews-bg-wrapper">
						<div class="text-center customer-gutenberg-header-interviews-bg-image">
							<img decoding="async" class="customer-gutenberg-header-interviews-bg-image-src img-fluid" src="https://www.vmm.eu/wp-content/uploads/2022/03/Antje-Verstl_Experten_profil-1533x1558.jpg" alt="Antje Verstl ist Leiterin des Seminaranbieters Dendron Akademie GmbH sowie Trainerin für grünes Wissen und VM-Coach für Gartencenter">
						</div>
					</div>
						
					<div class="customer-gutenberg-header-interviews-content p-5">
													<h2 class="customer-gutenberg-header-interviews-content-headline customer-text-headline-1">Antje Verstl ist Leiterin des Seminaranbieters Dendron Akademie GmbH sowie Trainerin für grünes Wissen und VM-Coach für Gartencenter</h2>
																			<p class="customer-gutenberg-header-interviews-content-subtitle m-0 customer-text-copy-1">Nehmen Sie mit Antje Verstl Kontakt auf:</p>
																			<p class="customer-gutenberg-header-interviews-content-subtitle m-0 customer-text-copy-1">antje.verstl@dendron-akademie.de</p>
											</div>

				</div>
			</div>
		</div><div class="container customer-gutenberg-intro-quote " id="customer-gutenberg-block_621f9a65dde96">

			<div class="row">
			<div class="col col-lg-7 offset-lg-2">
				<p><strong>Mit der DENDRON möchte ich im Handel und in der Gesellschaft dazu beitragen, dass das Grün im Lebensumfeld der Menschen als wertvoller Lebenssinn auch in der Zukunft Bestand hat. Wir machen Läden zum Treffpunkt, wo sich Menschen wohlfühlen und genau aus diesem Grund wiederkommen. Es geht zukünftig immer mehr um echte Gastfreundschaft, Beziehung, Vertrauen, Wohlbefinden &#8211; ein ganzheitliches Einkaufserlebnis, das alle Sinne anspricht!</strong></p>
			</div>
		</div>
	
			<div class="row">
			<div class="col-11 offset-1 col-sm-10 offset-sm-2 col-lg-8 offset-lg-3 col-xl-6 offset-xl-5">
								<blockquote class="blockquote customer-text-copy-3 " >
					<p>Es geht zukünftig immer mehr um echte Gastfreundschaft, Beziehung, Vertrauen und Wohlbefinden. </p>
				</blockquote>
			</div>
		</div>
	
			<div class="row">
			<div class="col col-lg-7 offset-lg-2">
				<p>Angefangen hat alles mit der Ausbildung zur Baumschulmeisterin und mit vielen Reisen in die Herkunftsländer der interessantesten Pflanzen. Menschen, Kulturen, Landschaften und Städte begeisterten mich in ihrer Vielfalt. Gartencenter und Shops auf der ganzen Welt inspirieren mich auch heute als Geschäftsführerin der DENDRON akademie. Seit über 10 Jahren beraten wir weltweit Unternehmen im Visual Merchandising. Eine Spezialität von der DENDRON akademie ist die Planung von individuellen Konzepten und Strategien für die Grüne Branche. Meine persönliche Leidenschaft ist die Umsetzung dieser kreativen Konzepte in die Praxis. Das Training der Teams im Handel ist mir dabei besonders wichtig.</p>
<p>&nbsp;</p>
<p>Antje Verstl<br />
Limburger Straße 74B<br />
04229 Leipzig<br />
+49171 1260445</p>
<p><a href="mailto:antje.verstl@dendron-akademie.de">antje.verstl@dendron-akademie.de</a></p>
<p><a href="http://www.dendron-akademie.de">www.dendron-akademie.de</a></p>
			</div>
		</div>
			
</div>
